0408953 a composite number?
True
Is 49804561 a prime number?
True
Is 2321387 prime?
False
Is 296991463 a prime number?
True
Is 7525291 a prime number?
True
Is 9683 prime?
False
Is 13931429 prime?
False
Is 35911118 composite?
True
Is 21851695 a composite number?
True
Is 1635433 composite?
True
Is 22490729 a prime number?
False
Is 18792109 prime?
False
Is 10023023 composite?
False
Is 1838062 prime?
False
Is 14938441 a prime number?
False
Is 583491154 a composite number?
True
Is 366603 composite?
True
Is 699859 composite?
True
Is 1996499 prime?
False
Is 21075347 a composite number?
False
Is 52593389 prime?
False
Is 1170754567 composite?
True
Is 7384903 prime?
True
Is 320415869 composite?
False
Is 4623239 composite?
False
Is 4157999 a prime number?
False
Is 6685907 prime?
True
Is 541571 prime?
True
Is 15949751 prime?
True
Is 30713663 a prime number?
False
Is 43491269 prime?
True
Is 15398347 composite?
True
Is 3697901 a composite number?
True
Is 1416742 composite?
True
Is 22012957 a composite number?
False
Is 2909856941 a prime number?
True
Is 172135699 a composite number?
True
Is 8436989 a prime number?
False
Is 21903097 a prime number?
False
Is 90573283 a composite number?
False
Is 11817977 composite?
True
Is 600829231 composite?
False
Is 4474109 prime?
True
Is 71379929 a composite number?
False
Is 949459 composite?
True
Is 65978009 composite?
False
Is 76127969 a prime number?
True
Is 200262407 a composite number?
True
Is 2102929 prime?
False
Is 246338 a prime number?
False
Is 7610293 composite?
False
Is 375395 composite?
True
Is 120766751 a prime number?
False
Is 11829269 prime?
True
Is 23966149 a composite number?
False
Is 19499483 prime?
True
Is 301088053 a composite number?
True
Is 6286219 a composite number?
False
Is 580277 prime?
False
Is 7185235 composite?
True
Is 10752367 a composite number?
False
Is 24584693 composite?
True
Is 44371 composite?
False
Is 1483861 a prime number?
True
Is 14471 prime?
False
Is 28763531 a prime number?
True
Is 3878027 prime?
False
Is 941539 a prime number?
False
Is 3834283 prime?
True
Is 3547877 prime?
False
Is 1344529 prime?
False
Is 18443801 a prime number?
True
Is 1191791 a prime number?
False
Is 54482921 a prime number?
False
Is 10526921 a prime number?
False
Is 495670829 prime?
True
Is 39801907 a composite number?
False
Is 23227759 a composite number?
True
Is 172235123 a composite number?
True
Is 8794307 a composite number?
False
Is 247633 a composite number?
False
Is 4770509 a composite number?
False
Is 337349527 a prime number?
False
Is 9738329 a prime number?
True
Is 11315141 composite?
True
Is 22238529 a composite number?
True
Is 2144365 composite?
True
Is 53425759 a prime number?
True
Is 103951 a composite number?
False
Is 58663 a prime number?
False
Is 6551107 a prime number?
False
Is 57261417 a composite number?
True
Is 57319643 a composite number?
False
Is 159196853 composite?
False
Is 19772527 a prime number?
True
Is 603199 prime?
False
Is 458025577 prime?
False
Is 864739 a prime number?
False
Is 39895637 a composite number?
False
Is 1332623 prime?
False
Is 35142643 a prime number?
False
Is 155488309 composite?
True
Is 6984559 a composite number?
False
Is 23503247 composite?
True
Is 32148383 prime?
True
Is 3454631 a composite number?
False
Is 456727 composite?
False
Is 51521291 prime?
True
Is 255583 prime?
False
Is 17699197 composite?
False
Is 7771201 a composite number?
False
Is 4156507 a composite number?
False
Is 4601257 a prime number?
False
Is 189649829 composite?
False
Is 1183295 a composite number?
True
Is 260583 prime?
False
Is 14908661 a composite number?
False
Is 5416693 a prime number?
False
Is 10229737 a composite number?
True
Is 108705651 prime?
False
Is 34950263 composite?
False
Is 3824747 prime?
False
Is 3497927 composite?
True
Is 963839 a composite number?
False
Is 338324809 a prime number?
True
Is 40842187 a prime number?
True
Is 44980658 a composite number?
True
Is 3309937 a composite number?
True
Is 171814561 prime?
False
Is 148347215 composite?
True
Is 89147777 prime?
False
Is 216569 prime?
True
Is 4551073 prime?
True
Is 103769 a prime number?
True
Is 1209647 prime?
True
Is 4087931 composite?
False
Is 47377601 composite?
True
Is 258408047 prime?
False
Is 46056541 composite?
False
Is 12280706 prime?
False
Is 15910889 composite?
True
Is 5720531 composite?
False
Is 38325637 a composite number?
True
Is 5769473 a prime number?
False
Is 22274671 composite?
False
Is 2492657 composite?
False
Is 39908137 prime?
True
Is 9805729 a composite number?
True
Is 895665467 prime?
True
Is 510449 a composite number?
False
Is 11510287 a prime number?
True
Is 225595 a prime number?
False
Is 187152419 prime?
False
Is 28331183 prime?
False
Is 547306 prime?
False
Is 152038409 a composite number?
True
Is 369015541 prime?
False
Is 15409549 a composite number?
True
Is 59068619 a composite number?
False
Is 72874433 composite?
False
Is 41303707 a prime number?
False
Is 393477443 a composite number?
True
Is 77679691 a composite number?
False
Is 84118399 a prime number?
False
Is 3594131 prime?
True
Is 222511 a prime number?
True
Is 27962359 composite?
False
Is 17070383 a composite number?
True
Is 5858729 a composite number?
True
Is 265828049 composite?
False
Is 22125833 a prime number?
False
Is 22245469 composite?
True
Is 101993113 composite?
False
Is 31773847 composite?
True
Is 2121271 a composite number?
False
Is 179829537 a prime number?
False
Is 6581797 prime?
False
Is 70723423 a composite number?
True
Is 49238131 a prime number?
True
Is 171340571 a composite number?
True
Is 26812289 prime?
False
Is 10246297 a composite number?
False
Is 65197669 prime?
False
Is 353603 prime?
True
Is 60767569 composite?
True
Is 939511 prime?
True
Is 4165817 prime?
False
Is 36378271 prime?
False
Is 804939305 a prime number?
False
Is 31910947 prime?
True
Is 701699 prime?
True
Is 28551115 composite?
True
Is 2542829 prime?
True
Is 10440407 prime?
False
Is 124291 composite?
False
Is 131874739 a prime number?
True
Is 757543 prime?
True
Is 229531 a prime number?
False
Is 2687271 a prime number?
False
Is 582067 prime?
True
Is 7331455 composite?
True
Is 5457989 a composite number?
True
Is 10846553 prime?
True
Is 145463551 a prime number?
False
Is 1480147 a prime number?
False
Is 4849687 a composite number?
False
Is 14876893 a composite number?
False
Is 2319686 a composite number?
True
Is 5308073 prime?
False
Is 2102291 composite?
False
Is 50982653 composite?
False
Is 18408209 a prime number?
False
Is 6492554 prime?
False
Is 726962 a composite number?
True
Is 3456197 prime?
True
Is 11543789 a prime number?
True
Is 1483151639 a composite number?
False
Is 686891627 composite?
False
Is 490601 prime?
False
Is 6525611 prime?
True
Is 1095713 composite?
False
Is 125432291 a prime number?
False
Is 85509001 a composite number?
True
Is 173992209 composite?
True
Is 138815771 prime?
True
Is 4820707 a prime number?
False
Is 44029817 prime?
False
Is 119851463 prime?
True
Is 134591399 a composite number?
False
Is 263007571 composite?
True
Is 7664269 a prime number?
False
Is 424450019 a prime number?
False
Is 5106377 composite?
True
Is 132566263 a composite number?
False
Is 7049213 composite?
False
Is 20854891 a prime number?
True
Is 3667823 prime?
True
Is 2592939551 a composite number?
False
Is 36828757 a composite number?
True
Is 901679 composite?
False
Is 2944453 a prime number?
False
Is 128630317 composite?
False
Is 6384677 a prime number?
False
Is 26093051 composite?
False
Is 48947615 a composite number?
True
Is 5639905 a composite number?
True
Is 112428767 prime?
False
Is 3905599 a prime number?
True
Is 42773609 a composite number?
False
Is 1803019 a composite number?
True
Is 95490631 prime?
True
Is 797071 a composite number?
True
Is 3401509 a prime number?
True
Is 6447017 prime?
True
Is 33720383 a prime number?
False
Is 13720769 prime?
True
Is 262927 a prime number?
False
Is 14516651 composite?
False
Is 1605013 a composite number?
False
Is 1270531 a prime number?
True
Is 34399 prime?
False
Is 6374771 a prime number?
False
Is 22332677 composite?
False
Is 5876579 a composite number?
False
Is 50622359 prime?
True
Is 450583985 composite?
True
Is 17938213 a composite number?
True
Is 7842647 composite?
True
Is 67268467 a prime number?
False
